 remainder when 12 is divided by 7?
5
What is the remainder when 50 is divided by 22?
6
Calculate the remainder when 221 is divided by 41.
16
Calculate the remainder when 105 is divided by 24.
9
Calculate the remainder when 10148 is divided by 34.
16
What is the remainder when 1087 is divided by 17?
16
What is the remainder when 340 is divided by 5?
0
What is the remainder when 377 is divided by 63?
62
Calculate the remainder when 19 is divided by 3.
1
Calculate the remainder when 264 is divided by 30.
24
Calculate the remainder when 3325 is divided by 74.
69
What is the remainder when 94 is divided by 5?
4
What is the remainder when 32549 is divided by 8?
5
Calculate the remainder when 126 is divided by 8.
6
What is the remainder when 1278 is divided by 6?
0
Calculate the remainder when 176 is divided by 26.
20
What is the remainder when 1906 is divided by 12?
10
What is the remainder when 214 is divided by 122?
92
What is the remainder when 108 is divided by 41?
26
Calculate the remainder when 1230 is divided by 404.
18
What is the remainder when 944 is divided by 86?
84
Calculate the remainder when 70 is divided by 31.
8
Calculate the remainder when 51 is divided by 13.
12
Calculate the remainder when 719 is divided by 33.
26
Calculate the remainder when 23 is divided by 10.
3
What is the remainder when 102 is divided by 38?
26
What is the remainder when 201 is divided by 179?
22
Calculate the remainder when 32 is divided by 4.
0
What is the remainder when 1103 is divided by 13?
11
What is the remainder when 472 is divided by 96?
88
What is the remainder when 555 is divided by 143?
126
Calculate the remainder when 974 is divided by 194.
4
What is the remainder when 15 is divided by 14?
1
What is the remainder when 30131 is divided by 41?
37
Calculate the remainder when 898 is divided by 91.
79
What is the remainder when 186 is divided by 42?
18
What is the remainder when 124 is divided by 124?
0
What is the remainder when 158 is divided by 41?
35
What is the remainder when 1603 is divided by 19?
7
What is the remainder when 1192 is divided by 34?
2
What is the remainder when 911 is divided by 159?
116
Calculate the remainder when 248 is divided by 15.
8
Calculate the remainder when 147 is divided by 10.
7
Calculate the remainder when 50 is divided by 19.
12
What is the remainder when 14328 is divided by 161?
160
Calculate the remainder when 286 is divided by 29.
25
What is the remainder when 1669 is divided by 11?
8
What is the remainder when 1375 is divided by 86?
85
Calculate the remainder when 1345 is divided by 29.
11
Calculate the remainder when 142 is divided by 16.
14
What is the remainder when 1325 is divided by 465?
395
Calculate the remainder when 2354 is divided by 65.
14
What is the remainder when 2433 is divided by 87?
84
Calculate the remainder when 73 is divided by 23.
4
What is the remainder when 52 is divided by 19?
14
What is the remainder when 11565 is divided by 203?
197
What is the remainder when 1529 is divided by 10?
9
Calculate the remainder when 50523 is divided by 17.
16
Calculate the remainder when 3313 is divided by 183.
19
Calculate the remainder when 442 is divided by 143.
13
What is the remainder when 415 is divided by 330?
85
Calculate the remainder when 91 is divided by 28.
7
What is the remainder when 84 is divided by 30?
24
Calculate the remainder when 263 is divided by 18.
11
What is the remainder when 968 is divided by 36?
32
Calculate the remainder when 78 is divided by 22.
12
What is the remainder when 220 is divided by 33?
22
Calculate the remainder when 2969 is divided by 11.
10
What is the remainder when 575 is divided by 58?
53
What is the remainder when 395 is divided by 83?
63
What is the remainder when 4692 is divided by 7?
2
What is the remainder when 397 is divided by 16?
13
Calculate the remainder when 40 is divided by 23.
17
What is the remainder when 855 is divided by 249?
108
Calculate the remainder when 729 is divided by 43.
41
Calculate the remainder when 441 is divided by 46.
27
What is the remainder when 99 is divided by 32?
3
What is the remainder when 105 is divided by 30?
15
Calculate the remainder when 573 is divided by 85.
63
Calculate the remainder when 84 is divided by 11.
7
Calculate the remainder when 5526 is divided by 97.
94
Calculate the remainder when 1241 is divided by 8.
1
What is the remainder when 6592 is divided by 23?
14
Calculate the remainder when 473 is divided by 214.
45
Calculate the remainder when 965 is divided by 21.
20
What is the remainder when 235 is divided by 120?
115
What is the remainder when 1695 is divided by 50?
45
Calculate the remainder when 190 is divided by 26.
8
What is the remainder when 451 is divided by 65?
61
What is the remainder when 2772 is divided by 37?
34
What is the remainder when 647 is divided by 130?
127
What is the remainder when 258 is divided by 139?
119
What is the remainder when 1745 is divided by 70?
65
Calculate the remainder when 4677 is divided by 2329.
19
Calculate the remainder when 3920 is divided by 971.
36
Calculate the remainder when 343 is divided by 24.
7
What is the remainder when 674 is divided by 6?
2
What is the remainder when 412 is divided by 393?
19
Calculate the remainder when 2161 is divided by 432.
1
What is the remainder when 156 is divided by 49?
9
Calculate the remainder when 4580 is divided by 10.
0
Calculate the remainder when 171 is divided by 45.
36
Calculate the remainder when 399 is divided by 15.
9
Calculate the remainder when 392 is divided by 191.
10
Calculate the remainder when 196 is divided by 63.
7
Calculate the remainder when 4298 is divided by 20.
18
Calculate the remainder when 44 is divided by 31.
13
Calculate the remainder when 2172 is divided by 68.
64
What is the remainder when 542 is divided by 109?
106
Calculate the remainder when 642 is divided by 28.
26
What is the remainder when 1373 is divided by 450?
23
Calculate the remainder when 2858 is divided by 110.
108
Calculate the remainder when 50 is divided by 46.
4
What is the remainder when 437 is divided by 345?
92
Calculate the remainder when 742 is divided by 12.
10
Calculate the remainder when 1123 is divided by 18.
7
Calculate the remainder when 87 is divided by 15.
12
Calculate the remainder when 22 is divided by 13.
9
What is the remainder when 1023 is divided by 45?
33
What is the remainder when 5409 is divided by 12?
9
What is the remainder when 107 is divided by 22?
19
What is the remainder when 378 is divided by 76?
74
What is the remainder when 154 is divided by 135?
19
What is the remainder when 1357 is divided by 91?
83
What is the remainder when 86 is divided by 4?
2
What is the remainder when 891 is divided by 9?
0
Calculate the remainder when 94 is divided by 17.
9
What is the remainder when 573 is divided by 96?
93
What is the remainder when 84 is divided by 19?
8
What is the remainder when 131 is divided by 72?
59
What is the remainder when 356 is divided by 24?
20
What is the remainder when 2417 is divided by 173?
168
What is the remainder when 1537 is divided by 129?
118
What is the remainder when 19 is divided by 16?
3
What is the remainder when 1707 is divided by 28?
27
What is the remainder when 141 is divided by 36?
33
What is the remainder when 134 is divided by 62?
10
What is the remainder when 13176 is divided by 69?
66
Calculate the remainder when 4005 is divided by 95.
15
Calculate the remainder when 1751 is divided by 9.
5
Calculate the remainder when 1923 is divided by 37.
36
What is the remainder when 251 is divided by 105?
41
Calculate the remainder when 22118 is divided by 18.
14
What is the remainder when 238 is divided by 4?
2
Calculate the remainder when 1428 is divided by 245.
203
What is the remainder when 204 is divided by 107?
97
Calculate the remainder when 24020 is divided by 154.
150
Calculate the remainder when 2123 is divided by 36.
35
What is the remainder when 251 is divided by 36?
35
What is the remainder when 139 is divided by 25?
14
Calculate the remainder when 606 is divided by 299.
8
What is the remainder when 988 is divided by 302?
82
What is the remainder when 61 is divided by 16?
13
What is the remainder when 946 is divided by 44?
22
Calculate the remainder when 1341 